5827?
False
Does 132 divide 6979236?
True
Is 5119933 a multiple of 880?
False
Does 11 divide 6803?
False
Does 34 divide 75616?
True
Is 17916 a multiple of 96?
False
Does 32 divide 420032?
True
Is 6002933 a multiple of 347?
False
Does 470 divide 5765490?
True
Does 22 divide 705565?
False
Is 2 a factor of 158703?
False
Is 94 a factor of 332196?
True
Does 14 divide 359515?
False
Is 3854624 a multiple of 326?
True
Does 27 divide 1171692?
True
Is 12330620 a multiple of 112?
False
Is 295834 a multiple of 315?
False
Is 28 a factor of 36680?
True
Is 433 a factor of 2208733?
True
Is 134 a factor of 364100?
False
Is 48 a factor of 36816?
True
Does 12 divide 320669?
False
Is 36341 a multiple of 5?
False
Is 277236 a multiple of 151?
True
Is 250509 a multiple of 151?
True
Is 7826381 a multiple of 92?
False
Does 226 divide 12332584?
False
Does 19 divide 491872?
True
Does 230 divide 957030?
True
Is 237454 a multiple of 244?
False
Is 32028 a multiple of 9?
False
Does 418 divide 11970684?
True
Is 289 a factor of 870114?
False
Is 18 a factor of 727020?
True
Is 11474397 a multiple of 33?
True
Does 1198 divide 16041220?
True
Is 129646 a multiple of 11?
True
Is 4230117 a multiple of 27?
True
Does 17 divide 50411?
False
Is 20868 a multiple of 37?
True
Does 18 divide 22756709?
False
Is 2 a factor of 25390?
True
Is 187105 a multiple of 23?
True
Does 51 divide 17283543?
True
Is 14 a factor of 980518?
True
Does 13 divide 246402?
True
Does 24 divide 6432600?
True
Is 145834 a multiple of 25?
False
Is 230 a factor of 9660?
True
Is 39695 a multiple of 5?
True
Is 148836 a multiple of 314?
True
Does 4 divide 979155?
False
Does 20 divide 1840?
True
Is 2222352 a multiple of 244?
True
Is 10 a factor of 83704?
False
Is 19 a factor of 555257?
False
Is 80 a factor of 139680?
True
Is 20 a factor of 12063140?
True
Is 263 a factor of 2628159?
True
Is 374 a factor of 1126114?
True
Is 218870 a multiple of 9?
False
Is 3021673 a multiple of 7?
False
Is 56700 a multiple of 15?
True
Is 586490 a multiple of 122?
False
Does 7 divide 72027?
False
Does 17 divide 4512174?
True
Is 261 a factor of 360702?
True
Is 1228799 a multiple of 2?
False
Is 487669 a multiple of 91?
True
Does 302 divide 81540?
True
Is 14 a factor of 39212?
False
Does 12 divide 185184?
True
Does 106 divide 1527566?
True
Is 378882 a multiple of 292?
False
Is 258662 a multiple of 283?
True
Is 3 a factor of 81681?
True
Is 288900 a multiple of 675?
True
Does 22 divide 193732?
True
Is 11 a factor of 49027?
True
Is 13 a factor of 8448?
False
Is 143 a factor of 333699?
False
Is 82 a factor of 7205422?
True
Is 69 a factor of 171603?
True
Does 28 divide 1618540?
True
Does 7 divide 1886381?
True
Is 207 a factor of 392382?
False
Is 4 a factor of 19008?
True
Is 11 a factor of 2625118?
False
Is 75760 a multiple of 80?
True
Is 357448 a multiple of 52?
True
Is 56901 a multiple of 44?
False
Is 852042 a multiple of 68?
False
Is 42 a factor of 34977445?
False
Is 127 a factor of 280289?
True
Does 18 divide 12548344?
False
Does 4 divide 174564?
True
Does 20 divide 38113?
False
Does 42 divide 159402?
False
Is 91 a factor of 12952121?
True
Does 61 divide 8450899?
False
Does 273 divide 1192300?
False
Does 6 divide 15948?
True
Is 115 a factor of 339543?
False
Does 530 divide 860188?
False
Is 169140 a multiple of 20?
True
Is 101 a factor of 649867?
False
Is 2494965 a multiple of 55?
True
Does 76 divide 4889268?
False
Is 1212393 a multiple of 91?
True
Is 5 a factor of 6642?
False
Does 19 divide 275481?
True
Does 5 divide 19730?
True
Is 10005849 a multiple of 27?
True
Is 1644 a factor of 3914364?
True
Is 417974 a multiple of 98?
False
Is 5708840 a multiple of 205?
True
Is 69 a factor of 431595?
True
Is 18883829 a multiple of 16?
False
Does 33 divide 194305?
False
Does 68 divide 3848610?
False
Is 305 a factor of 202396?
False
Is 4752471 a multiple of 34?
False
Does 25 divide 81900?
True
Is 451 a factor of 13400064?
False
Is 12248748 a multiple of 452?
True
Is 4543722 a multiple of 18?
True
Is 4976637 a multiple of 4?
False
Does 61 divide 45384?
True
Does 22 divide 433994?
True
Does 835 divide 1212420?
True
Is 162140 a multiple of 2?
True
Is 15760755 a multiple of 607?
True
Is 61 a factor of 5847401?
False
Does 14 divide 148964?
False
Does 15 divide 2805585?
True
Is 1298205 a multiple of 147?
False
Is 2829815 a multiple of 167?
True
Is 1853100 a multiple of 50?
True
Does 156 divide 184080?
True
Is 172 a factor of 856560?
True
Is 151810 a multiple of 94?
True
Is 103675 a multiple of 25?
True
Is 16 a factor of 954967?
False
Is 81720 a multiple of 72?
True
Is 20 a factor of 116713?
False
Does 4 divide 54718?
False
Is 190743 a multiple of 21?
True
Does 10 divide 1090664?
False
Is 13 a factor of 10104874?
True
Is 268 a factor of 524362?
False
Is 2829410 a multiple of 36?
False
Is 46200 even?
True
Is 30 a factor of 2613788?
False
Is 89862 a multiple of 102?
True
Does 59 divide 6665745?
False
Is 11 a factor of 1908643?
True
Is 372 a factor of 1890614?
False
Does 103 divide 566011?
False
Does 564 divide 1704408?
True
Does 75 divide 4062802?
False
Is 1132166 a multiple of 206?
False
Is 12307478 a multiple of 938?
False
Is 151956 a multiple of 268?
True
Is 17 a factor of 650947?
True
Is 5 a factor of 636474?
False
Is 566 a factor of 502477?
False
Is 7 a factor of 406021?
True
Does 355 divide 4656890?
True
Is 8 a factor of 383392?
True
Is 6181 a multiple of 21?
False
Does 894 divide 837245?
False
Is 1664173 a multiple of 217?
True
Is 17 a factor of 240017?
False
Is 100 a factor of 75689?
False
Is 722286 a multiple of 46?
False
Is 2381475 a multiple of 113?
True
Is 14 a factor of 25634?
True
Is 173 a factor of 30722?
False
Is 1333710 a multiple of 7?
True
Is 995644 even?
True
Does 6 divide 1776546?
True
Is 52 a factor of 162376?
False
Is 111 a factor of 2556392?
False
Is 44 a factor of 246268?
True
Is 180787 a multiple of 555?
False
Is 3075548 a multiple of 28?
True
Is 3411800 a multiple of 70?
True
Is 27 a factor of 62721?
True
Is 45 a factor of 81720?
True
Does 20 divide 1794412?
False
Does 130 divide 5182190?
True
Does 44 divide 519376?
True
Is 3689 a multiple of 31?
True
Does 15 divide 5768250?
True
Is 24180 a multiple of 93?
True
Is 8 a factor of 121960?
True
Is 27 a factor of 2951289?
True
Is 25 a factor of 2310575?
True
Is 371564 a multiple of 38?
True
Is 1210837 a multiple of 971?
True
Is 225940 a multiple of 314?
False
Does 125 divide 295435?
False
Does 312 divide 132912?
True
Is 7 a factor of 6643?
True
Does 451 divide 373621?
False
Is 3021831 a multiple of 639?
True
Is 240 a factor of 69360?
True
Does 17 divide 75140?
True
Is 328 a factor of 1275663?
False
Is 10 a factor of 22614?
False
Does 282 divide 591709?
False
Does 10 divide 4572988?
False
Does 438 divide 5086178?
False
Does 624 divide 924768?
True
Is 873228 a multiple of 5?
False
Is 25 a factor of 141125?
True
Does 524 divide 1985239?
False
Is 277 a factor of 147674?
False
Does 205 divide 411640?
True
Does 290 divide 521130?
True
Does 80 divide 3093200?
True
Is 73260 a multiple of 17?
False
Does 65 divide 437748?
False
Does 151 divide 94943?
False
Does 275 divide 88275?
True
Is 208416 a multiple of 24?
True
Is 3324261 a multiple of 150?
False
Is 218 a factor of 261164?
True
Is 45 a factor of 43924?
False
Is 405150 a multiple of 365?
True
Is 864558 a multiple of 43?
True
Is 84768 a multiple of 32?
True
Is 256629 a multiple of 10?
False
Is 107 a factor of 1081342?
True
Does 341 divide 550374?
True
Does 19 divide 4959?
True
Is 1109163 a multiple of 3?
True
Is 155642 a multiple of 59?
True
Is 1403934 a multiple of 55?
False
Is 493394 a multiple of 19?
False
Does 32 divide 14076?
False
Is 840 a factor of 7905240?
True
Does 14 divide 578010?
False
Is 170 a factor of 221170?
True
Is 9 a factor of 801717?
False
Is 20 a factor of 16377?
False
Is 62 a factor of 117552?
True
Is 189149 a multiple of 46?
False
Is 2651314 a multiple of 3?
False
Is 86 a factor of 817086?
True
Is 1122065 a multiple of 35?
True
Does 42 divide 481908?
True
Does 21 divide 306762?
False
Is 15 a factor of 3980850?
True
Is 4706964 a multiple of 57?
False
Does 21 divide 1204140?
True
Does 30 divide 4620?
True
Does 12 divide 25056?
True
Does 14 divide 225796?
False
Is 632250 a multiple of 21?
False
Is 725609 a multiple of 131?
True
I